s 939 divide 1335626?
False
Does 53 divide 415356?
False
Is 587364 a multiple of 18?
False
Does 10 divide 9390?
True
Is 28 a factor of 230041?
False
Is 180 a factor of 204074?
False
Is 21 a factor of 2462418?
True
Is 1785973 a multiple of 9?
False
Does 285 divide 389573?
False
Is 96544 a multiple of 236?
False
Does 85 divide 1141720?
True
Does 3 divide 5689186?
False
Is 109 a factor of 161865?
True
Is 548 a factor of 1127236?
True
Is 2801265 a multiple of 26?
False
Does 7 divide 76916?
True
Is 200 a multiple of 25?
True
Does 900 divide 5514300?
True
Is 1529388 a multiple of 578?
True
Is 12211 a multiple of 2?
False
Is 2206 a factor of 16745877?
False
Is 408 a factor of 449208?
True
Does 30 divide 437065?
False
Is 19 a factor of 88844?
True
Is 215478 a multiple of 616?
False
Does 69 divide 113831?
False
Is 58880 a multiple of 13?
False
Is 37 a factor of 70152?
True
Is 219080 a multiple of 228?
False
Is 11 a factor of 1510396?
False
Does 17 divide 388797?
False
Does 15 divide 35160?
True
Is 39390 a multiple of 13?
True
Is 53 a factor of 2888673?
False
Is 42 a factor of 178542?
True
Is 276 a factor of 8546616?
True
Is 2711487 a multiple of 7?
False
Is 65 a factor of 1368770?
True
Does 8 divide 5875880?
True
Is 9 a factor of 143528?
False
Is 10400432 a multiple of 350?
False
Is 2020 a factor of 422180?
True
Is 183 a factor of 546072?
True
Does 3 divide 1492709?
False
Is 1088880 a multiple of 332?
False
Is 591192 a multiple of 357?
True
Does 96 divide 197743?
False
Is 179660 a multiple of 26?
True
Is 30 a factor of 4970960?
False
Is 5283301 a multiple of 807?
False
Is 19530 a multiple of 70?
True
Does 1045 divide 2749395?
True
Is 11 a factor of 174474?
False
Is 9 a factor of 39762?
True
Is 37790 a multiple of 21?
False
Does 660 divide 268620?
True
Does 120 divide 2645160?
True
Is 9 a factor of 1465596?
True
Is 14960 a multiple of 85?
True
Is 105 a factor of 5705280?
True
Does 891 divide 1479060?
True
Is 25 a factor of 20495725?
True
Is 3 a factor of 2140571?
False
Is 171854 a multiple of 393?
False
Is 1224364 a multiple of 396?
False
Is 73980 a multiple of 18?
True
Does 436 divide 7176996?
True
Is 943 a factor of 6183251?
True
Is 921 a factor of 12603885?
True
Does 16 divide 3737810?
False
Does 2 divide 491696?
True
Does 36 divide 767778?
False
Is 403920 a multiple of 272?
True
Does 1725 divide 19479448?
False
Does 5 divide 34175?
True
Is 40 a factor of 7996880?
True
Does 13 divide 115137?
False
Is 43 a factor of 192511?
True
Is 14 a factor of 93996?
True
Is 89355 a multiple of 555?
True
Is 8 a factor of 3110089?
False
Does 45 divide 2503530?
True
Is 12251074 a multiple of 11?
True
Is 43725 a multiple of 9?
False
Is 185 a factor of 12240155?
True
Is 271 a factor of 21802492?
True
Does 83 divide 8466?
True
Is 35700 a multiple of 84?
True
Is 2847829 a multiple of 347?
True
Does 474 divide 2110722?
True
Does 864 divide 811643?
False
Does 10 divide 11310?
True
Does 21 divide 3115157?
False
Does 99 divide 2620629?
True
Does 618 divide 344199?
False
Is 290700 a multiple of 38?
True
Does 364 divide 270452?
True
Is 119603 a multiple of 4?
False
Is 7 a factor of 19964?
True
Is 23243200 a multiple of 146?
True
Does 7 divide 184249?
False
Is 967870 a multiple of 10?
True
Does 28 divide 215320?
True
Is 12999852 a multiple of 108?
True
Is 2834009 a multiple of 152?
False
Does 38 divide 1604854?
True
Is 39200 a multiple of 160?
True
Is 25 a factor of 3100792?
False
Does 5 divide 313464?
False
Is 245 a factor of 78722?
False
Is 68851 a multiple of 103?
False
Is 83 a factor of 861374?
True
Is 170 a factor of 41147?
False
Is 690172 a multiple of 25?
False
Is 8 a factor of 499729?
False
Is 137217 a multiple of 51?
False
Is 86252 a multiple of 563?
False
Is 188 a factor of 330719?
False
Does 153 divide 246024?
True
Is 1026348 a multiple of 1922?
True
Is 1226 a factor of 3115198?
False
Is 41369 a multiple of 2?
False
Does 436 divide 3242968?
True
Is 13 a factor of 21138?
True
Does 29 divide 414270?
False
Is 199 a factor of 3720922?
False
Is 524144 a multiple of 188?
True
Is 156712 a multiple of 19?
True
Is 26 a factor of 20821320?
True
Does 30 divide 6854700?
True
Is 74 a factor of 5498803?
False
Is 461333 a multiple of 74?
False
Does 13 divide 30940?
True
Is 10 a factor of 570038?
False
Is 34 a factor of 278324?
True
Is 4 a factor of 142093?
False
Is 172200 a multiple of 205?
True
Does 18 divide 11677027?
False
Does 14 divide 344743?
False
Does 13 divide 16865199?
True
Is 51 a factor of 668100?
True
Does 26 divide 268788?
True
Is 15 a factor of 413184?
False
Does 108 divide 675108?
True
Does 676 divide 413036?
True
Is 460984 a multiple of 184?
False
Is 448 a factor of 1117530?
False
Is 9 a factor of 1167966?
True
Does 1009 divide 1118094?
False
Is 62 a factor of 6156724?
True
Does 12 divide 196308?
True
Is 2093798 a multiple of 862?
True
Is 32 a factor of 1114848?
True
Does 872 divide 4972673?
False
Is 16 a factor of 56336?
True
Does 96 divide 645044?
False
Is 363 a factor of 92179?
False
Does 166 divide 3120773?
False
Is 4695488 a multiple of 188?
True
Is 70 a factor of 571200?
True
Is 24 a factor of 1794360?
True
Does 176 divide 81297?
False
Is 4 a factor of 1060543?
False
Is 47 a factor of 966988?
False
Does 12 divide 2158623?
False
Does 1017 divide 1408545?
True
Is 5 a factor of 34024?
False
Is 146933 a multiple of 433?
False
Is 79723 a multiple of 2?
False
Does 136 divide 281928?
True
Does 6 divide 51604?
False
Does 75 divide 32850?
True
Is 553968 a multiple of 48?
True
Does 157 divide 6859?
False
Is 1174 a factor of 11235180?
True
Does 17 divide 163155?
False
Is 12266722 a multiple of 26?
True
Is 70941 a multiple of 2?
False
Does 94 divide 4692104?
True
Is 18 a factor of 60582?
False
Is 36 a factor of 28493648?
False
Does 135 divide 338874?
False
Is 56513 a multiple of 31?
True
Does 247 divide 337649?
True
Is 186 a factor of 174654?
True
Is 3 a factor of 11831?
False
Is 485108 a multiple of 52?
True
Is 80 a factor of 13809?
False
Does 984 divide 2376495?
False
Is 75020 a multiple of 44?
True
Does 290 divide 1684106?
False
Is 15 a factor of 1304925?
True
Does 5 divide 27482?
False
Is 127 a factor of 155473?
False
Does 329 divide 205625?
True
Is 73593 a multiple of 39?
True
Does 34 divide 3582308?
True
Does 17 divide 6318924?
False
Does 80 divide 1818000?
True
Does 11 divide 271395?
False
Does 45 divide 3631950?
True
Is 850946 a multiple of 9?
False
Is 445436 a multiple of 503?
False
Is 117 a factor of 394386?
False
Does 2 divide 19128?
True
Does 7 divide 23730?
True
Does 28 divide 413056?
True
Is 42 a factor of 453810?
True
Is 1241764 a multiple of 213?
False
Is 17458 a multiple of 29?
True
Is 355823 a multiple of 13?
True
Does 41 divide 59204?
True
Is 386 a factor of 768161?
False
Does 182 divide 11651269?
False
Is 13 a factor of 112512?
False
Is 4031352 a multiple of 104?
True
Is 4792662 a multiple of 818?
True
Is 474 a factor of 906486?
False
Does 98 divide 163046?
False
Is 24 a factor of 1980036?
False
Is 1199 a factor of 13706968?
True
Does 5 divide 35195?
True
Does 109 divide 487350?
False
Does 17 divide 71843?
False
Is 21797470 a multiple of 47?
False
Is 2200689 a multiple of 81?
True
Is 90 a factor of 109890?
True
Is 132 a factor of 13116?
False
Does 8 divide 38296?
True
Is 17 a factor of 6660396?
True
Is 440 a factor of 308440?
True
Is 1169839 a multiple of 11?
True
Is 24 a factor of 133320?
True
Is 104742 a multiple of 196?
False
Is 152470 a multiple of 809?
False
Does 211 divide 1907021?
False
Is 23 a factor of 154146?
True
Does 830 divide 1439220?
True
Is 12 a factor of 185729?
False
Is 12 a factor of 3269101?
False
Is 40844 a multiple of 129?
False
Is 46 a factor of 56769?
False
Is 249507 a multiple of 4?
False
Does 15 divide 550500?
True
Is 257860 a multiple of 44?
False
Is 7 a factor of 911883?
True
Is 50393 a multiple of 8?
False
Is 374398 a multiple of 50?
False
Is 53410 a multiple of 49?
True
Is 96372 a multiple of 18?
True
Is 7 a factor of 1210898?
False
Does 23 divide 5735?
False
Does 701 divide 5087520?
False
Is 3 a factor of 1927433?
False
Is 166207 a multiple of 150?
False
Does 51 divide 3063213?
True
Does 39 divide 1404?
True
Is 4 a factor of 104548?
True
Does 13 divide 1761682?
True
Does 42 divide 329322?
True
Is 5 a factor of 23378